{"id":86,"date":"2017-01-11T16:11:16","date_gmt":"2017-01-11T15:11:16","guid":{"rendered":"http:\/\/localhost:8080\/wordpress2\/?page_id=10"},"modified":"2026-01-09T14:13:21","modified_gmt":"2026-01-09T13:13:21","slug":"startseite","status":"publish","type":"page","link":"https:\/\/www.campingparadies.at\/","title":{"rendered":"Home"},"content":{"rendered":"\n<h2 class=\"wp-block-heading has-luminous-vivid-orange-color has-text-color\" id=\"herzlich-willkommen-im\">Herzlich Willkommen in &#8230;<\/h2>\n\n\n\n<p class=\"has-medium-font-size\"><mark style=\"background-color:rgba(0, 0, 0, 0)\" class=\"has-inline-color has-luminous-vivid-orange-color\">&#8230; &#8222;K\u00e4rntens Campingparadies<\/mark>&#8222;<br>\u201eK\u00e4rntens Campingparadies\u201c, eine Kooperation von Campingpl\u00e4tzen aus der Region Millst\u00e4tter See, Bad Kleinkirchheim und Nockberge, ist unter Campingfreunden aus ganz Europa bekannt. Unter den 7 Pl\u00e4tzen findet sich vom Kleincamping bis zum bestens ausgestatteten Komfortcampingplatz f\u00fcr jeden Geschmack das Richtige damit Ihrem Traumurlaub nichts mehr im Wege steht. Bei unseren Campings wurden zahlreiche Pl\u00e4tze vom ADAC mit Bestnoten ausgezeichnet &#8211; Vollservice, Animation und Komfort-Ausstattung sind dort ganz selbstverst\u00e4ndlich.<br><br> Hier geht\u00b4s zu den <a href=\"https:\/\/www.campingparadies.at\/?page_id=534\">Campingpl\u00e4tzen<\/a> und hier zur den <a href=\"https:\/\/www.campingparadies.at\/?page_id=130\">Anfahrtsrouten<\/a> vom Campingparadies.<\/p>\n\n\n\n<br>\n\n\n\n<p class=\"has-medium-font-size\"><mark style=\"background-color:rgba(0, 0, 0, 0)\" class=\"has-inline-color has-luminous-vivid-orange-color\">DIE UMGEBUNG<\/mark><br>Wer glaubt, die Freizeitbesch\u00e4ftigung des Urlaubers muss sich auf das Liegen am Strand beschr\u00e4nken, kennt K\u00e4rnten nicht! Es gibt nicht nur alle denkbaren Wassersportm\u00f6glichkeiten, die Lage des Millst\u00e4tter  Sees am Rande des Biosph\u00e4renparks Nockberge lockt viele Wanderer und Radfahrer in die wundersch\u00f6ne Region. Wem dies zu anstrengend ist,  kann auch die zahlreichen Naturattraktionen wie Wasserf\u00e4lle, H\u00f6hlen und Schluchten der Region aus der N\u00e4he betrachten. <br><br>Auch f\u00fcr Kultur und Geschichtshungrige hat die Region einiges zu  bieten &#8211;  Burgen, Schl\u00f6sser Museen und Sehensw\u00fcrdigkeiten oder unsere wundersch\u00f6nen  Alltst\u00e4dte von Spittal, Feldkirchen oder Villach sorgen f\u00fcr einen abwechslungsreichen Urlaub.<\/p>\n\n\n\n<br><br>\n\n\n\n<figure class=\"wp-block-gallery has-nested-images columns-default is-cropped wp-block-gallery-1 is-layout-flex wp-block-gallery-is-layout-flex\">\n<figure class=\"wp-block-image size-large\"><img loading=\"lazy\" decoding=\"async\" width=\"1024\" height=\"683\" data-id=\"673\" src=\"https:\/\/www.campingparadies.at\/wp-content\/uploads\/2022\/02\/web-088-15-FRANZGERDL-MILL-SEE-5744\u00a9-1.jpg\" alt=\"\" class=\"wp-image-673\" srcset=\"https:\/\/www.campingparadies.at\/wp-content\/uploads\/2022\/02\/web-088-15-FRANZGERDL-MILL-SEE-5744\u00a9-1.jpg 1024w, https:\/\/www.campingparadies.at\/wp-content\/uploads\/2022\/02\/web-088-15-FRANZGERDL-MILL-SEE-5744\u00a9-1-300x200.jpg 300w, https:\/\/www.campingparadies.at\/wp-content\/uploads\/2022\/02\/web-088-15-FRANZGERDL-MILL-SEE-5744\u00a9-1-768x512.jpg 768w\" sizes=\"auto, (max-width: 1024px) 100vw, 1024px\" \/><\/figure>\n\n\n\n<figure class=\"wp-block-image size-large\"><img loading=\"lazy\" decoding=\"async\" width=\"1024\" height=\"683\" data-id=\"670\" src=\"https:\/\/www.campingparadies.at\/wp-content\/uploads\/2022\/02\/web-423-9538-print-Emotions-Millstaettersee-MTGgert-perauer\u00a9archivmillstaetterseetourismusgmbhfotografgertperauer-1.jpg\" alt=\"\" class=\"wp-image-670\" srcset=\"https:\/\/www.campingparadies.at\/wp-content\/uploads\/2022\/02\/web-423-9538-print-Emotions-Millstaettersee-MTGgert-perauer\u00a9archivmillstaetterseetourismusgmbhfotografgertperauer-1.jpg 1024w, https:\/\/www.campingparadies.at\/wp-content\/uploads\/2022\/02\/web-423-9538-print-Emotions-Millstaettersee-MTGgert-perauer\u00a9archivmillstaetterseetourismusgmbhfotografgertperauer-1-300x200.jpg 300w, https:\/\/www.campingparadies.at\/wp-content\/uploads\/2022\/02\/web-423-9538-print-Emotions-Millstaettersee-MTGgert-perauer\u00a9archivmillstaetterseetourismusgmbhfotografgertperauer-1-768x512.jpg 768w\" sizes=\"auto, (max-width: 1024px) 100vw, 1024px\" \/><\/figure>\n\n\n\n<figure class=\"wp-block-image size-large\"><img loading=\"lazy\" decoding=\"async\" width=\"1024\" height=\"683\" data-id=\"671\" src=\"https:\/\/www.campingparadies.at\/wp-content\/uploads\/2022\/02\/web-484-9879-print-Emotions-Millstaettersee-MTGgert-perauer\u00a9archivmillstaetterseetourismusgmbhfotografgertperauer-1.jpg\" alt=\"\" class=\"wp-image-671\" srcset=\"https:\/\/www.campingparadies.at\/wp-content\/uploads\/2022\/02\/web-484-9879-print-Emotions-Millstaettersee-MTGgert-perauer\u00a9archivmillstaetterseetourismusgmbhfotografgertperauer-1.jpg 1024w, https:\/\/www.campingparadies.at\/wp-content\/uploads\/2022\/02\/web-484-9879-print-Emotions-Millstaettersee-MTGgert-perauer\u00a9archivmillstaetterseetourismusgmbhfotografgertperauer-1-300x200.jpg 300w, https:\/\/www.campingparadies.at\/wp-content\/uploads\/2022\/02\/web-484-9879-print-Emotions-Millstaettersee-MTGgert-perauer\u00a9archivmillstaetterseetourismusgmbhfotografgertperauer-1-768x512.jpg 768w\" sizes=\"auto, (max-width: 1024px) 100vw, 1024px\" \/><\/figure>\n\n\n\n<figure class=\"wp-block-image size-large\"><img loading=\"lazy\" decoding=\"async\" width=\"1024\" height=\"683\" data-id=\"669\" src=\"https:\/\/www.campingparadies.at\/wp-content\/uploads\/2022\/02\/web-Auszeit-am-Slow-Trail-Suedufer\u00a9archivmillstaetterseetourismusgmbhfotografgertperauer-1.jpg\" alt=\"\" class=\"wp-image-669\" srcset=\"https:\/\/www.campingparadies.at\/wp-content\/uploads\/2022\/02\/web-Auszeit-am-Slow-Trail-Suedufer\u00a9archivmillstaetterseetourismusgmbhfotografgertperauer-1.jpg 1024w, https:\/\/www.campingparadies.at\/wp-content\/uploads\/2022\/02\/web-Auszeit-am-Slow-Trail-Suedufer\u00a9archivmillstaetterseetourismusgmbhfotografgertperauer-1-300x200.jpg 300w, https:\/\/www.campingparadies.at\/wp-content\/uploads\/2022\/02\/web-Auszeit-am-Slow-Trail-Suedufer\u00a9archivmillstaetterseetourismusgmbhfotografgertperauer-1-768x512.jpg 768w\" sizes=\"auto, (max-width: 1024px) 100vw, 1024px\" \/><\/figure>\n\n\n\n<figure class=\"wp-block-image size-large\"><img loading=\"lazy\" decoding=\"async\" width=\"1024\" height=\"683\" data-id=\"672\" src=\"https:\/\/www.campingparadies.at\/wp-content\/uploads\/2022\/02\/web-familie-am-see-archiv-mtggert-perauer-5\u00a9-2.jpg\" alt=\"\" class=\"wp-image-672\" srcset=\"https:\/\/www.campingparadies.at\/wp-content\/uploads\/2022\/02\/web-familie-am-see-archiv-mtggert-perauer-5\u00a9-2.jpg 1024w, https:\/\/www.campingparadies.at\/wp-content\/uploads\/2022\/02\/web-familie-am-see-archiv-mtggert-perauer-5\u00a9-2-300x200.jpg 300w, https:\/\/www.campingparadies.at\/wp-content\/uploads\/2022\/02\/web-familie-am-see-archiv-mtggert-perauer-5\u00a9-2-768x512.jpg 768w\" sizes=\"auto, (max-width: 1024px) 100vw, 1024px\" \/><\/figure>\n\n\n\n<figure class=\"wp-block-image size-large\"><img loading=\"lazy\" decoding=\"async\" width=\"1024\" height=\"683\" data-id=\"675\" src=\"https:\/\/www.campingparadies.at\/wp-content\/uploads\/2022\/02\/web-Kinder-am-Granattor-Archiv-MTGFRANZGERDL\u00a9-2.jpg\" alt=\"\" class=\"wp-image-675\" srcset=\"https:\/\/www.campingparadies.at\/wp-content\/uploads\/2022\/02\/web-Kinder-am-Granattor-Archiv-MTGFRANZGERDL\u00a9-2.jpg 1024w, https:\/\/www.campingparadies.at\/wp-content\/uploads\/2022\/02\/web-Kinder-am-Granattor-Archiv-MTGFRANZGERDL\u00a9-2-300x200.jpg 300w, https:\/\/www.campingparadies.at\/wp-content\/uploads\/2022\/02\/web-Kinder-am-Granattor-Archiv-MTGFRANZGERDL\u00a9-2-768x512.jpg 768w\" sizes=\"auto, (max-width: 1024px) 100vw, 1024px\" \/><\/figure>\n\n\n\n<figure class=\"wp-block-image size-large\"><img loading=\"lazy\" decoding=\"async\" width=\"1024\" height=\"683\" data-id=\"676\" src=\"https:\/\/www.campingparadies.at\/wp-content\/uploads\/2022\/02\/web-Lammersdorfer-Alm-Archiv-MTGFRANZGERDL\u00a9-1.jpg\" alt=\"\" class=\"wp-image-676\" srcset=\"https:\/\/www.campingparadies.at\/wp-content\/uploads\/2022\/02\/web-Lammersdorfer-Alm-Archiv-MTGFRANZGERDL\u00a9-1.jpg 1024w, https:\/\/www.campingparadies.at\/wp-content\/uploads\/2022\/02\/web-Lammersdorfer-Alm-Archiv-MTGFRANZGERDL\u00a9-1-300x200.jpg 300w, https:\/\/www.campingparadies.at\/wp-content\/uploads\/2022\/02\/web-Lammersdorfer-Alm-Archiv-MTGFRANZGERDL\u00a9-1-768x512.jpg 768w\" sizes=\"auto, (max-width: 1024px) 100vw, 1024px\" \/><\/figure>\n\n\n\n<figure class=\"wp-block-image size-large\"><img loading=\"lazy\" decoding=\"async\" width=\"1024\" height=\"683\" data-id=\"677\" src=\"https:\/\/www.campingparadies.at\/wp-content\/uploads\/2022\/02\/web-slowtrail-mirnock-archiv-mtggert-perauer-17\u00a9-1.jpg\" alt=\"\" class=\"wp-image-677\" srcset=\"https:\/\/www.campingparadies.at\/wp-content\/uploads\/2022\/02\/web-slowtrail-mirnock-archiv-mtggert-perauer-17\u00a9-1.jpg 1024w, https:\/\/www.campingparadies.at\/wp-content\/uploads\/2022\/02\/web-slowtrail-mirnock-archiv-mtggert-perauer-17\u00a9-1-300x200.jpg 300w, https:\/\/www.campingparadies.at\/wp-content\/uploads\/2022\/02\/web-slowtrail-mirnock-archiv-mtggert-perauer-17\u00a9-1-768x512.jpg 768w\" sizes=\"auto, (max-width: 1024px) 100vw, 1024px\" \/><\/figure>\n\n\n\n<figure class=\"wp-block-image size-large\"><img loading=\"lazy\" decoding=\"async\" width=\"1024\" height=\"683\" data-id=\"678\" src=\"https:\/\/www.campingparadies.at\/wp-content\/uploads\/2022\/02\/web-slowtrail-zwergsee-archiv-mtggert-perauer-38\u00a9-1.jpg\" alt=\"\" class=\"wp-image-678\" srcset=\"https:\/\/www.campingparadies.at\/wp-content\/uploads\/2022\/02\/web-slowtrail-zwergsee-archiv-mtggert-perauer-38\u00a9-1.jpg 1024w, https:\/\/www.campingparadies.at\/wp-content\/uploads\/2022\/02\/web-slowtrail-zwergsee-archiv-mtggert-perauer-38\u00a9-1-300x200.jpg 300w, https:\/\/www.campingparadies.at\/wp-content\/uploads\/2022\/02\/web-slowtrail-zwergsee-archiv-mtggert-perauer-38\u00a9-1-768x512.jpg 768w\" sizes=\"auto, (max-width: 1024px) 100vw, 1024px\" \/><\/figure>\n\n\n\n<figure class=\"wp-block-image size-large\"><img loading=\"lazy\" decoding=\"async\" width=\"1024\" height=\"687\" data-id=\"668\" src=\"https:\/\/www.campingparadies.at\/wp-content\/uploads\/2022\/02\/Schloss-Porcia-in-Spittal-an-der-Drau-2\u00a9archivtvbspittaldrau-1.jpg\" alt=\"\" class=\"wp-image-668\" srcset=\"https:\/\/www.campingparadies.at\/wp-content\/uploads\/2022\/02\/Schloss-Porcia-in-Spittal-an-der-Drau-2\u00a9archivtvbspittaldrau-1.jpg 1024w, https:\/\/www.campingparadies.at\/wp-content\/uploads\/2022\/02\/Schloss-Porcia-in-Spittal-an-der-Drau-2\u00a9archivtvbspittaldrau-1-300x201.jpg 300w, https:\/\/www.campingparadies.at\/wp-content\/uploads\/2022\/02\/Schloss-Porcia-in-Spittal-an-der-Drau-2\u00a9archivtvbspittaldrau-1-768x515.jpg 768w\" sizes=\"auto, (max-width: 1024px) 100vw, 1024px\" \/><\/figure>\n\n\n\n<figure class=\"wp-block-image size-large\"><img loading=\"lazy\" decoding=\"async\" width=\"1024\" height=\"683\" data-id=\"680\" src=\"https:\/\/www.campingparadies.at\/wp-content\/uploads\/2022\/02\/web-wandernFRANZGERDL\u00a9-1.jpg\" alt=\"\" class=\"wp-image-680\" srcset=\"https:\/\/www.campingparadies.at\/wp-content\/uploads\/2022\/02\/web-wandernFRANZGERDL\u00a9-1.jpg 1024w, https:\/\/www.campingparadies.at\/wp-content\/uploads\/2022\/02\/web-wandernFRANZGERDL\u00a9-1-300x200.jpg 300w, https:\/\/www.campingparadies.at\/wp-content\/uploads\/2022\/02\/web-wandernFRANZGERDL\u00a9-1-768x512.jpg 768w\" sizes=\"auto, (max-width: 1024px) 100vw, 1024px\" \/><\/figure>\n\n\n\n<figure class=\"wp-block-image size-large\"><img loading=\"lazy\" decoding=\"async\" width=\"1024\" height=\"683\" data-id=\"681\" src=\"https:\/\/www.campingparadies.at\/wp-content\/uploads\/2022\/02\/web-Weitwandern-am-Via-Paradiso-16\u00a9archivmillstaetterseetourismusgmbhfotografgertperauer-1.jpg\" alt=\"\" class=\"wp-image-681\" srcset=\"https:\/\/www.campingparadies.at\/wp-content\/uploads\/2022\/02\/web-Weitwandern-am-Via-Paradiso-16\u00a9archivmillstaetterseetourismusgmbhfotografgertperauer-1.jpg 1024w, https:\/\/www.campingparadies.at\/wp-content\/uploads\/2022\/02\/web-Weitwandern-am-Via-Paradiso-16\u00a9archivmillstaetterseetourismusgmbhfotografgertperauer-1-300x200.jpg 300w, https:\/\/www.campingparadies.at\/wp-content\/uploads\/2022\/02\/web-Weitwandern-am-Via-Paradiso-16\u00a9archivmillstaetterseetourismusgmbhfotografgertperauer-1-768x512.jpg 768w\" sizes=\"auto, (max-width: 1024px) 100vw, 1024px\" \/><\/figure>\n<\/figure>\n","protected":false},"excerpt":{"rendered":"<p>Herzlich Willkommen in &#8230; &#8230; &#8222;K\u00e4rntens Campingparadies&#8222;\u201eK\u00e4rntens Campingparadies\u201c, eine Kooperation von Campingpl\u00e4tzen aus der Region Millst\u00e4tter See, Bad Kleinkirchheim und<\/p>\n","protected":false},"author":1,"featured_media":0,"parent":0,"menu_order":0,"comment_status":"closed","ping_status":"closed","template":"","meta":{"colormag_page_container_layout":"default_layout","colormag_page_sidebar_layout":"default_layout","_bbp_topic_count":0,"_bbp_reply_count":0,"_bbp_total_topic_count":0,"_bbp_total_reply_count":0,"_bbp_voice_count":0,"_bbp_anonymous_reply_count":0,"_bbp_topic_count_hidden":0,"_bbp_reply_count_hidden":0,"_bbp_forum_subforum_count":0,"footnotes":""},"class_list":["post-86","page","type-page","status-publish","hentry"],"_links":{"self":[{"href":"https:\/\/www.campingparadies.at\/index.php?rest_route=\/wp\/v2\/pages\/86","targetHints":{"allow":["GET"]}}],"collection":[{"href":"https:\/\/www.campingparadies.at\/index.php?rest_route=\/wp\/v2\/pages"}],"about":[{"href":"https:\/\/www.campingparadies.at\/index.php?rest_route=\/wp\/v2\/types\/page"}],"author":[{"embeddable":true,"href":"https:\/\/www.campingparadies.at\/index.php?rest_route=\/wp\/v2\/users\/1"}],"replies":[{"embeddable":true,"href":"https:\/\/www.campingparadies.at\/index.php?rest_route=%2Fwp%2Fv2%2Fcomments&post=86"}],"version-history":[{"count":59,"href":"https:\/\/www.campingparadies.at\/index.php?rest_route=\/wp\/v2\/pages\/86\/revisions"}],"predecessor-version":[{"id":1076,"href":"https:\/\/www.campingparadies.at\/index.php?rest_route=\/wp\/v2\/pages\/86\/revisions\/1076"}],"wp:attachment":[{"href":"https:\/\/www.campingparadies.at\/index.php?rest_route=%2Fwp%2Fv2%2Fmedia&parent=86"}],"curies":[{"name":"wp","href":"https:\/\/api.w.org\/{rel}","templated":true}]}}