{"id":748,"date":"2022-02-21T16:53:49","date_gmt":"2022-02-21T15:53:49","guid":{"rendered":"http:\/\/www.campingparadies.at\/?page_id=748"},"modified":"2022-02-21T22:51:37","modified_gmt":"2022-02-21T21:51:37","slug":"seecamping-moessler","status":"publish","type":"page","link":"https:\/\/www.campingparadies.at\/?page_id=748","title":{"rendered":"Seecamping M\u00f6ssler"},"content":{"rendered":"\n<figure class=\"wp-block-table is-style-regular\"><table class=\"has-black-color has-text-color\"><tbody><tr><td><h6><mark style=\"background-color:rgba(0, 0, 0, 0)\" class=\"has-inline-color has-luminous-vivid-orange-color\">Seecamping M\u00f6ssler<\/mark><\/h6><br>Der Seecamping M\u00f6ssler ist ein kleiner Campingpark mit famili\u00e4rer Atmosph\u00e4re, parzellierten Stellpl\u00e4tzen und gro\u00dfz\u00fcgigen Sanit\u00e4ranlagen (Komfortduschen, alle Waschbecken in Kabinen). Jeder Platz verf\u00fcgt \u00fcber Abwasser-, Wasser und Stromanschluss. Restaurant und Mini Markt befinden sich direkt bei der Platzeinfahrt. Eigenes Schwimmbad (26 &#8211; 28 Grad), W-Lan und Internetecke direkt am Platz. Kostenloser Eintritt in das angrenzende Strandbad.<br><br><h6><mark style=\"background-color:rgba(0, 0, 0, 0)\" class=\"has-inline-color has-luminous-vivid-orange-color\">Kontakt:<\/mark><\/h6>Familie M\u00f6ssler<br>Seefeldstra\u00dfe 1<br>9873 D\u00f6briach<br>Tel.: 0043 4246 7310<br>Email: camping(at)moessler.at<br><br><a rel=\"noreferrer noopener\" href=\"https:\/\/www.moessler.at\" target=\"_blank\">Zur Homepage<\/a><br><br><a rel=\"noreferrer noopener\" href=\"http:\/\/www.moessler.at\/buchen#\/\" target=\"_blank\">Buchungslink (neuer Tab)<\/a><\/td><td><img loading=\"lazy\" decoding=\"async\" width=\"800\" height=\"1067\" class=\"wp-image-749\" style=\"width: 800px;\" src=\"https:\/\/www.campingparadies.at\/wp-content\/uploads\/2022\/02\/Luft-Seecamping-2.jpg\" alt=\"\" srcset=\"https:\/\/www.campingparadies.at\/wp-content\/uploads\/2022\/02\/Luft-Seecamping-2.jpg 1920w, https:\/\/www.campingparadies.at\/wp-content\/uploads\/2022\/02\/Luft-Seecamping-2-225x300.jpg 225w, https:\/\/www.campingparadies.at\/wp-content\/uploads\/2022\/02\/Luft-Seecamping-2-768x1024.jpg 768w, https:\/\/www.campingparadies.at\/wp-content\/uploads\/2022\/02\/Luft-Seecamping-2-1152x1536.jpg 1152w, https:\/\/www.campingparadies.at\/wp-content\/uploads\/2022\/02\/Luft-Seecamping-2-1536x2048.jpg 1536w\" sizes=\"auto, (max-width: 800px) 100vw, 800px\" \/><br><br><h6><mark style=\"background-color:rgba(0, 0, 0, 0)\" class=\"has-inline-color has-luminous-vivid-orange-color\">Details:<\/mark><\/h6>&#8211; Ausgezeichnet mit dem Eu-EcoLabel<br>&#8211; Gratis Wifi<br>&#8211; Direkter Zugang ins angrenzende Strandbad<br>&#8211; Beheiztes Pool mit 28 \u00b0C<br>&#8211; Moderne Sanit\u00e4ranlagen<\/td><\/tr><\/tbody><\/table><\/figure>\n\n\n\n<figure class=\"wp-block-gallery has-nested-images columns-default is-cropped wp-block-gallery-1 is-layout-flex wp-block-gallery-is-layout-flex\">\n<figure class=\"wp-block-image size-large\"><img loading=\"lazy\" decoding=\"async\" width=\"896\" height=\"600\" data-id=\"753\" src=\"https:\/\/www.campingparadies.at\/wp-content\/uploads\/2022\/02\/doebriach-schwimmbad-camping-moessler-aussicht-vom-weissen-felsen-3.jpg\" alt=\"\" class=\"wp-image-753\" srcset=\"https:\/\/www.campingparadies.at\/wp-content\/uploads\/2022\/02\/doebriach-schwimmbad-camping-moessler-aussicht-vom-weissen-felsen-3.jpg 896w, https:\/\/www.campingparadies.at\/wp-content\/uploads\/2022\/02\/doebriach-schwimmbad-camping-moessler-aussicht-vom-weissen-felsen-3-300x201.jpg 300w, https:\/\/www.campingparadies.at\/wp-content\/uploads\/2022\/02\/doebriach-schwimmbad-camping-moessler-aussicht-vom-weissen-felsen-3-768x514.jpg 768w\" sizes=\"auto, (max-width: 896px) 100vw, 896px\" \/><\/figure>\n\n\n\n<figure class=\"wp-block-image size-large\"><img loading=\"lazy\" decoding=\"async\" width=\"984\" height=\"738\" data-id=\"754\" src=\"https:\/\/www.campingparadies.at\/wp-content\/uploads\/2022\/02\/nhk2-2.jpg\" alt=\"\" class=\"wp-image-754\" srcset=\"https:\/\/www.campingparadies.at\/wp-content\/uploads\/2022\/02\/nhk2-2.jpg 984w, https:\/\/www.campingparadies.at\/wp-content\/uploads\/2022\/02\/nhk2-2-300x225.jpg 300w, https:\/\/www.campingparadies.at\/wp-content\/uploads\/2022\/02\/nhk2-2-768x576.jpg 768w\" sizes=\"auto, (max-width: 984px) 100vw, 984px\" \/><\/figure>\n\n\n\n<figure class=\"wp-block-image size-large\"><img loading=\"lazy\" decoding=\"async\" width=\"800\" height=\"535\" data-id=\"751\" src=\"https:\/\/www.campingparadies.at\/wp-content\/uploads\/2022\/02\/schwimmbad_camping_-_mobile_living_-_familie-2.jpg\" alt=\"\" class=\"wp-image-751\" srcset=\"https:\/\/www.campingparadies.at\/wp-content\/uploads\/2022\/02\/schwimmbad_camping_-_mobile_living_-_familie-2.jpg 800w, https:\/\/www.campingparadies.at\/wp-content\/uploads\/2022\/02\/schwimmbad_camping_-_mobile_living_-_familie-2-300x201.jpg 300w, https:\/\/www.campingparadies.at\/wp-content\/uploads\/2022\/02\/schwimmbad_camping_-_mobile_living_-_familie-2-768x514.jpg 768w\" sizes=\"auto, (max-width: 800px) 100vw, 800px\" \/><\/figure>\n\n\n\n<figure class=\"wp-block-image size-large\"><img loading=\"lazy\" decoding=\"async\" width=\"800\" height=\"600\" data-id=\"750\" src=\"https:\/\/www.campingparadies.at\/wp-content\/uploads\/2022\/02\/schwimmbad_camping_-_strudelback_workshop_mit_chefin-2.jpg\" alt=\"\" class=\"wp-image-750\" srcset=\"https:\/\/www.campingparadies.at\/wp-content\/uploads\/2022\/02\/schwimmbad_camping_-_strudelback_workshop_mit_chefin-2.jpg 800w, https:\/\/www.campingparadies.at\/wp-content\/uploads\/2022\/02\/schwimmbad_camping_-_strudelback_workshop_mit_chefin-2-300x225.jpg 300w, https:\/\/www.campingparadies.at\/wp-content\/uploads\/2022\/02\/schwimmbad_camping_-_strudelback_workshop_mit_chefin-2-768x576.jpg 768w\" sizes=\"auto, (max-width: 800px) 100vw, 800px\" \/><\/figure>\n\n\n\n<figure class=\"wp-block-image size-large\"><img loading=\"lazy\" decoding=\"async\" width=\"800\" height=\"600\" data-id=\"752\" src=\"https:\/\/www.campingparadies.at\/wp-content\/uploads\/2022\/02\/schwimmbad_camping_-_wandern_im_kaninger_graben_mit_grant_schuerfen-2.jpg\" alt=\"\" class=\"wp-image-752\" srcset=\"https:\/\/www.campingparadies.at\/wp-content\/uploads\/2022\/02\/schwimmbad_camping_-_wandern_im_kaninger_graben_mit_grant_schuerfen-2.jpg 800w, https:\/\/www.campingparadies.at\/wp-content\/uploads\/2022\/02\/schwimmbad_camping_-_wandern_im_kaninger_graben_mit_grant_schuerfen-2-300x225.jpg 300w, https:\/\/www.campingparadies.at\/wp-content\/uploads\/2022\/02\/schwimmbad_camping_-_wandern_im_kaninger_graben_mit_grant_schuerfen-2-768x576.jpg 768w\" sizes=\"auto, (max-width: 800px) 100vw, 800px\" \/><\/figure>\n<\/figure>\n","protected":false},"excerpt":{"rendered":"<p>Seecamping M\u00f6ssler Der Seecamping M\u00f6ssler ist ein kleiner Campingpark mit famili\u00e4rer Atmosph\u00e4re, parzellierten Stellpl\u00e4tzen und gro\u00dfz\u00fcgigen Sanit\u00e4ranlagen (Komfortduschen, alle Waschbecken<\/p>\n","protected":false},"author":1,"featured_media":0,"parent":534,"menu_order":0,"comment_status":"closed","ping_status":"closed","template":"","meta":{"colormag_page_container_layout":"default_layout","colormag_page_sidebar_layout":"default_layout","_bbp_topic_count":0,"_bbp_reply_count":0,"_bbp_total_topic_count":0,"_bbp_total_reply_count":0,"_bbp_voice_count":0,"_bbp_anonymous_reply_count":0,"_bbp_topic_count_hidden":0,"_bbp_reply_count_hidden":0,"_bbp_forum_subforum_count":0,"footnotes":""},"class_list":["post-748","page","type-page","status-publish","hentry"],"_links":{"self":[{"href":"https:\/\/www.campingparadies.at\/index.php?rest_route=\/wp\/v2\/pages\/748","targetHints":{"allow":["GET"]}}],"collection":[{"href":"https:\/\/www.campingparadies.at\/index.php?rest_route=\/wp\/v2\/pages"}],"about":[{"href":"https:\/\/www.campingparadies.at\/index.php?rest_route=\/wp\/v2\/types\/page"}],"author":[{"embeddable":true,"href":"https:\/\/www.campingparadies.at\/index.php?rest_route=\/wp\/v2\/users\/1"}],"replies":[{"embeddable":true,"href":"https:\/\/www.campingparadies.at\/index.php?rest_route=%2Fwp%2Fv2%2Fcomments&post=748"}],"version-history":[{"count":8,"href":"https:\/\/www.campingparadies.at\/index.php?rest_route=\/wp\/v2\/pages\/748\/revisions"}],"predecessor-version":[{"id":842,"href":"https:\/\/www.campingparadies.at\/index.php?rest_route=\/wp\/v2\/pages\/748\/revisions\/842"}],"up":[{"embeddable":true,"href":"https:\/\/www.campingparadies.at\/index.php?rest_route=\/wp\/v2\/pages\/534"}],"wp:attachment":[{"href":"https:\/\/www.campingparadies.at\/index.php?rest_route=%2Fwp%2Fv2%2Fmedia&parent=748"}],"curies":[{"name":"wp","href":"https:\/\/api.w.org\/{rel}","templated":true}]}}