{"id":732,"date":"2022-02-21T16:52:58","date_gmt":"2022-02-21T15:52:58","guid":{"rendered":"http:\/\/www.campingparadies.at\/?page_id=732"},"modified":"2022-02-21T22:52:28","modified_gmt":"2022-02-21T21:52:28","slug":"camping-neubauer","status":"publish","type":"page","link":"https:\/\/www.campingparadies.at\/?page_id=732","title":{"rendered":"Camping Neubauer"},"content":{"rendered":"\n<figure class=\"wp-block-table is-style-regular\"><table class=\"has-black-color has-text-color\"><tbody><tr><td><br><br><h6><mark style=\"background-color:rgba(0, 0, 0, 0)\" class=\"has-inline-color has-luminous-vivid-orange-color\">Camping &amp; Mobilheime Neubauer<\/mark><\/h6><br>Direkt am trinkwasserklaren Millst\u00e4tter See, umrahmt von einer beeindruckenden Bergwelt befindet sich unser beschaulicher und familienfreundlicher Campingplatz inmitten von Obst- und Walnussb\u00e4umen.<br><br>Ob Sie nun Erholung am Strand suchen oder Kraft in den Bergen tanken wollen \u2013 unser Platz ist der ideale Ausgangspunkt um die Region Millst\u00e4tter See zu erkunden.<br>Zahlreiche Themenwanderwege rund um den See, die Millst\u00e4tter Alpe, der mystische Berg Mirnock oder unser Sportberg Goldeck lassen wanderbegeisterten Besuchern das Herz h\u00f6herschlagen.<br><br>Egal ob Sonnenanbeter, Erholungssuchende oder Aktivurlauber \u2013 wir laden Sie recht herzlich ein Ihren wohlverdienten Urlaub bei uns zu verbringen und den Alltagsstress hinter sich zu lassen.<br><br><h6><mark style=\"background-color:rgba(0, 0, 0, 0)\" class=\"has-inline-color has-luminous-vivid-orange-color\">Kontakt:<\/mark><\/h6>Familie Glabischnig<br>Dellach 63<br>9872 Dellach\/Millstatt<br>Tel.: +43 4766 2532<br>Email: info(at)camping-neubauer.at<br><br><a href=\"https:\/\/camping-neubauer.at\/\">Zur Homepage<\/a><br><br><a href=\"https:\/\/www.millstaettersee.com\/de\/millstatt\/unterkuenfte\/details\/campingplatz\/camping-neubauer.html\">Buchungslink (neuer Tab)<\/a><\/td><td><img loading=\"lazy\" decoding=\"async\" width=\"500\" height=\"375\" class=\"wp-image-733\" style=\"width: 500px;\" src=\"https:\/\/www.campingparadies.at\/wp-content\/uploads\/2022\/02\/appartement2f-1.jpg\" alt=\"\" srcset=\"https:\/\/www.campingparadies.at\/wp-content\/uploads\/2022\/02\/appartement2f-1.jpg 1200w, https:\/\/www.campingparadies.at\/wp-content\/uploads\/2022\/02\/appartement2f-1-300x225.jpg 300w, https:\/\/www.campingparadies.at\/wp-content\/uploads\/2022\/02\/appartement2f-1-1024x768.jpg 1024w, https:\/\/www.campingparadies.at\/wp-content\/uploads\/2022\/02\/appartement2f-1-768x576.jpg 768w\" sizes=\"auto, (max-width: 500px) 100vw, 500px\" \/><br><br><h6><mark style=\"background-color:rgba(0, 0, 0, 0)\" class=\"has-inline-color has-luminous-vivid-orange-color\">Details:<\/mark><\/h6>&#8211; Direkt am See<br>&#8211; Mobilheime<br>&#8211; Zimmer &amp; Appartements<br>&#8211; Campingrestaurant<br>&#8211; Spielplatz<br>&#8211; Gratis Wifi<br>&#8211; uvm.<br><br><br><br><br><br><br><br><br><br><\/td><\/tr><\/tbody><\/table><\/figure>\n\n\n\n<figure class=\"wp-block-gallery has-nested-images columns-default is-cropped wp-block-gallery-1 is-layout-flex wp-block-gallery-is-layout-flex\">\n<figure class=\"wp-block-image size-large\"><img loading=\"lazy\" decoding=\"async\" width=\"1024\" height=\"768\" data-id=\"733\" src=\"https:\/\/www.campingparadies.at\/wp-content\/uploads\/2022\/02\/appartement2f-1-1024x768.jpg\" alt=\"\" class=\"wp-image-733\" srcset=\"https:\/\/www.campingparadies.at\/wp-content\/uploads\/2022\/02\/appartement2f-1-1024x768.jpg 1024w, https:\/\/www.campingparadies.at\/wp-content\/uploads\/2022\/02\/appartement2f-1-300x225.jpg 300w, https:\/\/www.campingparadies.at\/wp-content\/uploads\/2022\/02\/appartement2f-1-768x576.jpg 768w, https:\/\/www.campingparadies.at\/wp-content\/uploads\/2022\/02\/appartement2f-1.jpg 1200w\" sizes=\"auto, (max-width: 1024px) 100vw, 1024px\" \/><\/figure>\n\n\n\n<figure class=\"wp-block-image size-large\"><img loading=\"lazy\" decoding=\"async\" width=\"1024\" height=\"768\" data-id=\"736\" src=\"https:\/\/www.campingparadies.at\/wp-content\/uploads\/2022\/02\/mietwohnwagen-1-2-1024x768.jpg\" alt=\"\" class=\"wp-image-736\" srcset=\"https:\/\/www.campingparadies.at\/wp-content\/uploads\/2022\/02\/mietwohnwagen-1-2-1024x768.jpg 1024w, https:\/\/www.campingparadies.at\/wp-content\/uploads\/2022\/02\/mietwohnwagen-1-2-300x225.jpg 300w, https:\/\/www.campingparadies.at\/wp-content\/uploads\/2022\/02\/mietwohnwagen-1-2-768x576.jpg 768w, https:\/\/www.campingparadies.at\/wp-content\/uploads\/2022\/02\/mietwohnwagen-1-2.jpg 1200w\" sizes=\"auto, (max-width: 1024px) 100vw, 1024px\" \/><\/figure>\n\n\n\n<figure class=\"wp-block-image size-large\"><img loading=\"lazy\" decoding=\"async\" width=\"1024\" height=\"768\" data-id=\"737\" src=\"https:\/\/www.campingparadies.at\/wp-content\/uploads\/2022\/02\/mobilheim-nemo1-1-1024x768.jpg\" alt=\"\" class=\"wp-image-737\" srcset=\"https:\/\/www.campingparadies.at\/wp-content\/uploads\/2022\/02\/mobilheim-nemo1-1-1024x768.jpg 1024w, https:\/\/www.campingparadies.at\/wp-content\/uploads\/2022\/02\/mobilheim-nemo1-1-300x225.jpg 300w, https:\/\/www.campingparadies.at\/wp-content\/uploads\/2022\/02\/mobilheim-nemo1-1-768x576.jpg 768w, https:\/\/www.campingparadies.at\/wp-content\/uploads\/2022\/02\/mobilheim-nemo1-1.jpg 1200w\" sizes=\"auto, (max-width: 1024px) 100vw, 1024px\" \/><\/figure>\n\n\n\n<figure class=\"wp-block-image size-large\"><img loading=\"lazy\" decoding=\"async\" width=\"1024\" height=\"683\" data-id=\"761\" src=\"https:\/\/www.campingparadies.at\/wp-content\/uploads\/2022\/02\/stellplaetze-3-1-1024x683.jpg\" alt=\"\" class=\"wp-image-761\" srcset=\"https:\/\/www.campingparadies.at\/wp-content\/uploads\/2022\/02\/stellplaetze-3-1-1024x683.jpg 1024w, https:\/\/www.campingparadies.at\/wp-content\/uploads\/2022\/02\/stellplaetze-3-1-300x200.jpg 300w, https:\/\/www.campingparadies.at\/wp-content\/uploads\/2022\/02\/stellplaetze-3-1-768x512.jpg 768w, https:\/\/www.campingparadies.at\/wp-content\/uploads\/2022\/02\/stellplaetze-3-1.jpg 1200w\" sizes=\"auto, (max-width: 1024px) 100vw, 1024px\" \/><\/figure>\n\n\n\n<figure class=\"wp-block-image size-large\"><img loading=\"lazy\" decoding=\"async\" width=\"764\" height=\"574\" data-id=\"760\" src=\"https:\/\/www.campingparadies.at\/wp-content\/uploads\/2022\/02\/zimmer44-1-1.jpg\" alt=\"\" class=\"wp-image-760\" srcset=\"https:\/\/www.campingparadies.at\/wp-content\/uploads\/2022\/02\/zimmer44-1-1.jpg 764w, https:\/\/www.campingparadies.at\/wp-content\/uploads\/2022\/02\/zimmer44-1-1-300x225.jpg 300w\" sizes=\"auto, (max-width: 764px) 100vw, 764px\" \/><\/figure>\n<\/figure>\n\n\n\n<p><\/p>\n","protected":false},"excerpt":{"rendered":"<p>Camping &amp; Mobilheime Neubauer Direkt am trinkwasserklaren Millst\u00e4tter See, umrahmt von einer beeindruckenden Bergwelt befindet sich unser beschaulicher und familienfreundlicher<\/p>\n","protected":false},"author":1,"featured_media":0,"parent":534,"menu_order":0,"comment_status":"closed","ping_status":"closed","template":"","meta":{"colormag_page_container_layout":"default_layout","colormag_page_sidebar_layout":"default_layout","_bbp_topic_count":0,"_bbp_reply_count":0,"_bbp_total_topic_count":0,"_bbp_total_reply_count":0,"_bbp_voice_count":0,"_bbp_anonymous_reply_count":0,"_bbp_topic_count_hidden":0,"_bbp_reply_count_hidden":0,"_bbp_forum_subforum_count":0,"footnotes":""},"class_list":["post-732","page","type-page","status-publish","hentry"],"_links":{"self":[{"href":"https:\/\/www.campingparadies.at\/index.php?rest_route=\/wp\/v2\/pages\/732","targetHints":{"allow":["GET"]}}],"collection":[{"href":"https:\/\/www.campingparadies.at\/index.php?rest_route=\/wp\/v2\/pages"}],"about":[{"href":"https:\/\/www.campingparadies.at\/index.php?rest_route=\/wp\/v2\/types\/page"}],"author":[{"embeddable":true,"href":"https:\/\/www.campingparadies.at\/index.php?rest_route=\/wp\/v2\/users\/1"}],"replies":[{"embeddable":true,"href":"https:\/\/www.campingparadies.at\/index.php?rest_route=%2Fwp%2Fv2%2Fcomments&post=732"}],"version-history":[{"count":9,"href":"https:\/\/www.campingparadies.at\/index.php?rest_route=\/wp\/v2\/pages\/732\/revisions"}],"predecessor-version":[{"id":828,"href":"https:\/\/www.campingparadies.at\/index.php?rest_route=\/wp\/v2\/pages\/732\/revisions\/828"}],"up":[{"embeddable":true,"href":"https:\/\/www.campingparadies.at\/index.php?rest_route=\/wp\/v2\/pages\/534"}],"wp:attachment":[{"href":"https:\/\/www.campingparadies.at\/index.php?rest_route=%2Fwp%2Fv2%2Fmedia&parent=732"}],"curies":[{"name":"wp","href":"https:\/\/api.w.org\/{rel}","templated":true}]}}