{"id":373,"date":"2018-05-24T22:25:29","date_gmt":"2018-05-24T22:25:29","guid":{"rendered":"http:\/\/michlpaulihof.at\/wordpress\/?page_id=373"},"modified":"2026-01-09T13:54:14","modified_gmt":"2026-01-09T12:54:14","slug":"datenschutz","status":"publish","type":"page","link":"https:\/\/www.campingparadies.at\/?page_id=373","title":{"rendered":"Datenschutz"},"content":{"rendered":"<h2>Wer wir sind<\/h2>\n<p>Die Adresse unserer Website ist: https:\/\/www.campingparadies.at Wir sind eine Arbeitsgemeinschaft (in Gr\u00fcndung) von Campingpl\u00e4tzen in der Region MBN.<\/p>\n<h2>Wir verwenden folgende Services<\/h2>\n<p><strong>Google Translate<\/strong><br \/>\nWir verwenden auf unserer WordPress-Seite ein google-translate Plugin. Das Produkt Google Translate ist von Google Inc. Durch Nutzung dieser Webseite erkl\u00e4ren Sie sich mit der Erfassung, Bearbeitung sowie Nutzung der automatisiert erhobenen Daten durch Google Inc, deren Vertreter sowie Dritter einverstanden. Wenn Sie dies nicht w\u00fcnschen, verwenden Sie Browser Plugins wie z.B. \u201eGhostery\u201c oder andere Softwarel\u00f6sungen. Datenschutzerkl\u00e4rung von google: https:\/\/policies.google.com\/privacy?hl=de<\/p>\n<p><strong>Instagram-Plugin<\/strong><br \/>\nDiese Website verwendet im Footer ein Social Plugin von \u201emeta.com\u201c.\u00a0 Wenn Sie ein Foto im Footer &#8222;Titel: Instagram&#8220; aufrufen, baut Ihr Browser eine direkte Verbindung mit den Servern des jeweiligen Betreibers des Logos auf. Der Inhalt des Plugins wird von dem Dienstanbieter direkt an Ihren Browser \u00fcbermittelt und vom Anbieter in die Webseite eingebunden. Bitte beachten Sie, dass Datenverarbeitungen durch meta.com au\u00dferhalb der Europ\u00e4ischen Union stattfinden. Wir haben zudem keinen Einfluss auf den Umfang der Daten, die durch den Einsatz von Social Plugins erhoben werden und informieren Sie daher entsprechend unserem Kenntnisstand:<\/p>\n<p>Durch die Einbindung von Social Plugins erhalten die Anbieter die Information, dass Sie die entsprechende Webseite unseres Internetauftritts aufgerufen haben. Sind Sie bei einem Dienst wie instagram eingeloggt, kann dieser Anbieter den Besuch Ihrem Account zuordnen. Wenn Sie mit dem Plugin interagieren, z.B. den instagram \u201eFolgen-Button\u201c bet\u00e4tigen oder einen Kommentar hinterlassen, wird die entsprechende Information von Ihrem Browser direkt an den jeweiligen Dienstanbieter \u00fcbermittelt und dort gespeichert. Falls Sie kein Mitglied eines sozialen Netzwerkes sind, besteht trotzdem die M\u00f6glichkeit, dass der Anbieter Ihre IP-Adresse in Erfahrung bringt und speichert. Zweck und Umfang der Datenerhebung durch die weitere Verarbeitung und Nutzung der Daten durch den Dienstanbieter sowie Ihre diesbez\u00fcglichen Rechte k\u00f6nnen Sie bitte der jeweiligen Datenschutzerkl\u00e4rung entnehmen:<\/p>\n<p><a href=\"https:\/\/help.instagram.com\/519522125107875\/?maybe_redirect_pol=0\" target=\"_blank\" rel=\"noopener noreferrer\">Instagram-Datenschutzrichtlinien<\/a><\/p>\n<p>Sie k\u00f6nnen die Einbindung von Social-Plugins aber auch den Einsatz von Software zur Webseitenanalyse unterbinden, indem Sie eine entsprechende Software \u2013 etwa das Programm \u201eGhostery\u201c \u2013 verwenden.<\/p>\n<div class=\"LGOjhe\" role=\"heading\" aria-level=\"3\" data-attrid=\"wa:\/description\" data-hveid=\"CAsQAQ\">\n<p class=\"d9FyLd\"><strong>WP Statistics<\/strong><b><br \/>\n<\/b><span class=\"ILfuVd\"><span class=\"e24Kjd\"> Dazu werden keine Nutzungsprofile erstellt und auch keine Cookies gesetzt. S\u00e4mtliche von <b>WP Statistics<\/b> erhobenen Daten werden vollst\u00e4ndig anonymisiert auf diesem Webserver gespeichert. Eine pers\u00f6nliche Identifizierung eines Besuchers ist somit, auch nachtr\u00e4glich, nicht m\u00f6glich.<\/span><\/span><\/p>\n<\/div>\n<p><strong>Einsatz von Google Analytics<\/strong><br \/>\nDiese Website benutzt Google Analytics, einen Webanalysedienst der Google Inc. (\u201eGoogle\u201c). Google Analytics verwendet sog. \u201eCookies\u201c, Textdateien, die auf Ihrem Computer gespeichert werden und die eine Analyse der Benutzung der Website durch Sie erm\u00f6glichen. Die durch den Cookie erzeugten Informationen \u00fcber Ihre Benutzung dieser Website werden in der Regel an einen Server von Google in den USA \u00fcbertragen und dort gespeichert. Aufgrund der Aktivierung der IP-Anonymisierung auf dieser Webseite wird Ihre IP-Adresse von Google jedoch innerhalb von Mitgliedstaaten der Europ\u00e4ischen Union oder in anderen Vertragsstaaten des Abkommens \u00fcber den Europ\u00e4ischen Wirtschaftsraum zuvor gek\u00fcrzt. Nur in Ausnahmef\u00e4llen wird die volle IP-Adresse an einen Server von Google in den USA \u00fcbertragen und dort gek\u00fcrzt. Im Auftrag des Betreibers dieser Website wird Google diese Informationen benutzen, um Ihre Nutzung der Website auszuwerten, um Reports \u00fcber die Websiteaktivit\u00e4ten zusammenzustellen und um weitere mit der Websitenutzung und der Internetnutzung verbundene Dienstleistungen gegen\u00fcber dem Websitebetreiber zu erbringen. Die im Rahmen von Google Analytics von Ihrem Browser \u00fcbermittelte IP-Adresse wird nicht mit anderen Daten von Google zusammengef\u00fchrt. Sie k\u00f6nnen die Speicherung der Cookies durch eine entsprechende Einstellung Ihrer Browser-Software verhindern; wir weisen Sie jedoch darauf hin, dass Sie in diesem Fall gegebenenfalls nicht s\u00e4mtliche Funktionen dieser Website vollumf\u00e4nglich werden nutzen k\u00f6nnen. Sie k\u00f6nnen dar\u00fcber hinaus die Erfassung der durch das Cookie erzeugten und auf Ihre Nutzung der Website bezogenen Daten (inkl. Ihrer IP-Adresse) an Google sowie die Verarbeitung dieser Daten durch Google verhindern, indem Sie das unter dem <a href=\"http:\/\/tools.google.com\/dlpage\/gaoptout?hl=de\" target=\"_blank\" rel=\"noopener\"> folgenden Link<\/a> verf\u00fcgbare Browser-Plugin herunterladen und installieren.<\/p>\n<p>N\u00e4here Informationen zu Nutzungsbedingungen und Datenschutz finden Sie unter den <a href=\"https:\/\/www.google.com\/analytics\/terms\/de.html\" target=\"_blank\" rel=\"noopener\">Google Analytics Bedingungen<\/a> bzw. unter der <a href=\"https:\/\/support.google.com\/analytics\/answer\/6004245?hl=de\" target=\"_blank\" rel=\"noopener\">Google Analytics \u00dcbersicht<\/a> .<\/p>\n<p>Die Datenverarbeitung erfolgt auf Basis der gesetzlichen Bestimmungen des \u00a7 96 Abs 3 TKG sowie des Art 6 Abs 1 lit a (Einwilligung) und\/oder (berechtigtes Interesse) der DSGVO.<\/p>\n<p>Unser Anliegen im Sinne der DSGVO (berechtigtes Interesse) ist die Verbesserung unseres Angebotes und unseres Webauftritts.<\/p>\n<p><strong>Google Maps<\/strong><br \/>\nDiese Webseite verwendet das Produkt Google Maps von Google Inc. Durch Nutzung dieser Webseite erkl\u00e4ren Sie sich mit der Erfassung, Bearbeitung sowie Nutzung der automatisiert erhobenen Daten durch Google Inc, deren Vertreter sowie Dritter einverstanden. Die Nutzungsbedingungen von Google Maps finden sie unter <a href=\"https:\/\/www.google.com\/intl\/de_de\/help\/terms_maps.html\" target=\"_blank\" rel=\"noopener noreferrer\">Nutzungsbedingungen von Google Maps<\/a>.<\/p>\n<h3>Links<\/h3>\n<p>Diese Website enth\u00e4lt Links zu anderen Seiten. Bitte beachten Sie, dass campingparadies.at keine Verantwortung f\u00fcr den auf anderen Seiten praktizierten Datenschutz und die dort ver\u00f6ffentlichten Inhalte \u00fcbernimmt.<\/p>\n<h3>Kontaktformulare<\/h3>\n<p>Auf der Webseite wird f\u00fcr das Kontaktformular das WordPress-Plugin \u201eContact Form 7\u201c verwendet. Wenn Sie per Formular auf der Website oder per E-Mail Kontakt mit uns aufnehmen, werden Ihre angegebenen Daten zwecks Bearbeitung der Anfrage und f\u00fcr den Fall von Anschlussfragen speichern. Diese Daten geben wir nicht weiter. Wenn wir Ihre Anfrage nachtr\u00e4glich l\u00f6schen sollen, geben Sie uns bitte 3 Monate nach Ihrer Anfrage Bescheid (ihre Email Adresse), dann l\u00f6schen wir Ihre Anfrage.<\/p>\n<h3>Eingebettete Inhalte von anderen Websites (millstaettersee.com, meta.com)<\/h3>\n<p>Beitr\u00e4ge auf dieser Website k\u00f6nnen eingebettete Inhalte beinhalten (z.\u00a0B. Videos, Bilder, Beitr\u00e4ge etc.). Eingebettete Inhalte von anderen Websites verhalten sich exakt so, als ob der Besucher die andere Website besucht h\u00e4tte.<\/p>\n<p>Diese Websites k\u00f6nnen Daten \u00fcber dich sammeln, Cookies benutzen, zus\u00e4tzliche Tracking-Dienste von Dritten einbetten und deine Interaktion mit diesem eingebetteten Inhalt aufzeichnen, inklusive deiner Interaktion mit dem eingebetteten Inhalt, falls du ein Konto hast und auf dieser Website angemeldet bist.<\/p>\n<h2>Ihre Rechte<\/h2>\n<p>Ihnen stehen grunds\u00e4tzlich die Rechte auf Auskunft, Berichtigung, L\u00f6schung, Einschr\u00e4nkung, Daten\u00fcbertragbarkeit, Widerruf und Widerspruch zu. Wenn Sie glauben, dass die Verarbeitung Ihrer Daten gegen das Datenschutzrecht verst\u00f6\u00dft oder Ihre datenschutzrechtlichen Anspr\u00fcche sonst in einer Weise verletzt worden sind, k\u00f6nnen Sie sich bei der Aufsichtsbeh\u00f6rde beschweren. In \u00d6sterreich ist dies die \u00d6sterreichische Datenschutzbeh\u00f6rde (DSB), Wickenburggasse 8-10, 1080 Wien.<\/p>\n<h2>Wir bitten Sie jedoch, sich im ersten Schritt zuerst an uns zu wenden, damit wir das Problem gemeinsam sofort l\u00f6sen k\u00f6nnen.<\/h2>\n<p>Kontaktieren Sie in diesem Fall bitte: <a href=\"mailto:info@campingparadies.at\">info@campingparadies.at<\/a><\/p>\n<h2>Kontakt-Informationen<\/h2>\n<p>Wir sind ein loser Zusammenschluss von Campingpl\u00e4tzen in der Region Millst\u00e4tter See, Bad Kleinkirchheim und Nockberge. Unsere Hauptanschrift l\u00e4uft \u00fcber die Region:<\/p>\n<p>Region Millst\u00e4tter See &#8211; Bad Kleinkirchheim &#8211; Nockberge<br \/>\n<span class=\"C9DxTc \">Hau<\/span><span class=\"C9DxTc \">ptstra\u00dfe 4\/2 <\/span><span class=\"C9DxTc \"><br \/>\n<\/span><span class=\"C9DxTc \">9545 Radenthein<\/span><span class=\"C9DxTc \"><br \/>\n<\/span><span class=\"C9DxTc \">Tel.: +43 <\/span><span class=\"C9DxTc \">4246 37444<\/span><span class=\"C9DxTc \"><br \/>\n<\/span><span class=\"C9DxTc \">E-Mail: <\/span><a class=\"XqQF9c\" href=\"mailto:info@mbn-tourismus.at\" target=\"_blank\" rel=\"noopener\"><span class=\"C9DxTc \">info@mbn-tourismus.at<\/span><span class=\"C9DxTc \"><br \/>\n<\/span><\/a><span class=\"C9DxTc \">Website: <\/span><a class=\"XqQF9c\" href=\"http:\/\/www.seeundberg.at\" target=\"_blank\" rel=\"noopener\"><span class=\"C9DxTc aw5Odc \">www.seeundberg.at<\/span><\/a> <span class=\"C9DxTc \"><br \/>\n<\/span><\/p>\n","protected":false},"excerpt":{"rendered":"<p>Wer wir sind Die Adresse unserer Website ist: https:\/\/www.campingparadies.at Wir sind eine Arbeitsgemeinschaft (in Gr\u00fcndung) von Campingpl\u00e4tzen in der Region<\/p>\n","protected":false},"author":1,"featured_media":0,"parent":0,"menu_order":0,"comment_status":"closed","ping_status":"closed","template":"","meta":{"colormag_page_container_layout":"default_layout","colormag_page_sidebar_layout":"default_layout","_bbp_topic_count":0,"_bbp_reply_count":0,"_bbp_total_topic_count":0,"_bbp_total_reply_count":0,"_bbp_voice_count":0,"_bbp_anonymous_reply_count":0,"_bbp_topic_count_hidden":0,"_bbp_reply_count_hidden":0,"_bbp_forum_subforum_count":0,"footnotes":""},"class_list":["post-373","page","type-page","status-publish","hentry"],"_links":{"self":[{"href":"https:\/\/www.campingparadies.at\/index.php?rest_route=\/wp\/v2\/pages\/373","targetHints":{"allow":["GET"]}}],"collection":[{"href":"https:\/\/www.campingparadies.at\/index.php?rest_route=\/wp\/v2\/pages"}],"about":[{"href":"https:\/\/www.campingparadies.at\/index.php?rest_route=\/wp\/v2\/types\/page"}],"author":[{"embeddable":true,"href":"https:\/\/www.campingparadies.at\/index.php?rest_route=\/wp\/v2\/users\/1"}],"replies":[{"embeddable":true,"href":"https:\/\/www.campingparadies.at\/index.php?rest_route=%2Fwp%2Fv2%2Fcomments&post=373"}],"version-history":[{"count":6,"href":"https:\/\/www.campingparadies.at\/index.php?rest_route=\/wp\/v2\/pages\/373\/revisions"}],"predecessor-version":[{"id":1072,"href":"https:\/\/www.campingparadies.at\/index.php?rest_route=\/wp\/v2\/pages\/373\/revisions\/1072"}],"wp:attachment":[{"href":"https:\/\/www.campingparadies.at\/index.php?rest_route=%2Fwp%2Fv2%2Fmedia&parent=373"}],"curies":[{"name":"wp","href":"https:\/\/api.w.org\/{rel}","templated":true}]}}